{"id":1655,"date":"2024-06-01T11:37:00","date_gmt":"2024-06-01T11:37:00","guid":{"rendered":"https:\/\/moroccodesertlines.com\/ville-de-erfoud\/"},"modified":"2024-07-12T09:25:03","modified_gmt":"2024-07-12T09:25:03","slug":"ville-de-erfoud","status":"publish","type":"page","link":"https:\/\/moroccodesertlines.com\/fr\/ville-de-erfoud\/","title":{"rendered":"Ville de Erfoud"},"content":{"rendered":"\t\t<div data-elementor-type=\"wp-page\" data-elementor-id=\"1655\" class=\"elementor elementor-1655 elementor-492\" data-elementor-post-type=\"page\">\n\t\t\t\t<div class=\"elementor-element elementor-element-4d5f140 e-flex e-con-boxed e-con e-parent\" data-id=\"4d5f140\" data-element_type=\"container\" data-e-type=\"container\" data-settings=\"{&quot;background_background&quot;:&quot;classic&quot;}\">\n\t\t\t\t\t<div class=\"e-con-inner\">\n\t\t\t\t<div class=\"elementor-element elementor-element-f18924d elementor-widget elementor-widget-heading\" data-id=\"f18924d\" data-element_type=\"widget\" data-e-type=\"widget\" data-widget_type=\"heading.default\">\n\t\t\t\t<div class=\"elementor-widget-container\">\n\t\t\t\t\t<h1 class=\"elementor-heading-title elementor-size-default\">Ville de Erfoud<\/h1>\t\t\t\t<\/div>\n\t\t\t\t<\/div>\n\t\t\t\t<div class=\"elementor-element elementor-element-87ab090 elementor-widget elementor-widget-shortcode\" data-id=\"87ab090\" data-element_type=\"widget\" data-e-type=\"widget\" data-widget_type=\"shortcode.default\">\n\t\t\t\t<div class=\"elementor-widget-container\">\n\t\t\t\t\t\t\t<div class=\"elementor-shortcode\"><nav aria-label=\"breadcrumbs\" class=\"rank-math-breadcrumb\"><p><span class=\"last\">Home<\/span><\/p><\/nav><\/div>\n\t\t\t\t\t\t<\/div>\n\t\t\t\t<\/div>\n\t\t\t\t\t<\/div>\n\t\t\t\t<\/div>\n\t\t<div class=\"elementor-element elementor-element-5b6acd6 e-flex e-con-boxed e-con e-parent\" data-id=\"5b6acd6\" data-element_type=\"container\" data-e-type=\"container\">\n\t\t\t\t\t<div class=\"e-con-inner\">\n\t\t<div class=\"elementor-element elementor-element-5b00241 e-con-full e-flex e-con e-child\" data-id=\"5b00241\" data-element_type=\"container\" data-e-type=\"container\">\n\t\t\t\t<\/div>\n\t\t<div class=\"elementor-element elementor-element-3a8b667 e-con-full e-flex e-con e-child\" data-id=\"3a8b667\" data-element_type=\"container\" data-e-type=\"container\">\n\t\t\t\t<div class=\"elementor-element elementor-element-5958df9 elementor-widget elementor-widget-text-editor\" data-id=\"5958df9\" data-element_type=\"widget\" data-e-type=\"widget\" data-widget_type=\"text-editor.default\">\n\t\t\t\t<div class=\"elementor-widget-container\">\n\t\t\t\t\t\t\t\t\t<p>Erfoud : Son histoire commence un peu avant 1930 avec la cr\u00e9ation par les Fran\u00e7ais d&rsquo;un poste militaire pour apaiser les tribus berb\u00e8res indisciplin\u00e9es qui n&rsquo;acceptaient pas volontiers la colonisation, ce n&rsquo;est pas un hasard si c&rsquo;est pr\u00e9cis\u00e9ment cette r\u00e9gion qui a \u00e9t\u00e9 la derni\u00e8re \u00e0 \u00eatre contr\u00f4l\u00e9e par la puissance europ\u00e9enne.<\/p>\n<p>C&rsquo;est donc une ville avec peu d&rsquo;histoire mais qui a su se doter de magnifiques infrastructures touristiques, h\u00f4tels, et restaurants, situ\u00e9e \u00e0 quelques kilom\u00e8tres des c\u00e9l\u00e8bres dunes de Merzouga, \u00e9galement connue dans le monde entier pour avoir quelques carri\u00e8res de fossiles, d&rsquo;animaux marins lorsque le territoire \u00e9tait sous les eaux de l&rsquo;oc\u00e9an, avec ces pierres s&rsquo;est d\u00e9velopp\u00e9 un important artisanat industriel pour la production d&rsquo;innombrables objets, \u00e9viers, tables, porte-savons, lampes.<\/p>\n<p>Par ailleurs, chaque ann\u00e9e \u00e0 Erfoud un festival des dattes a lieu au mois d&rsquo;octobre.<\/p>\n\t\t\t\t\t\t\t\t<\/div>\n\t\t\t\t<\/div>\n\t\t\t\t<\/div>\n\t\t\t\t\t<\/div>\n\t\t\t\t<\/div>\n\t\t\t\t<\/div>\n\t\t","protected":false},"excerpt":{"rendered":"<p>Ville de Erfoud Erfoud : Son histoire commence un peu avant 1930 avec la cr\u00e9ation par les Fran\u00e7ais d&rsquo;un poste militaire pour apaiser les tribus berb\u00e8res indisciplin\u00e9es qui n&rsquo;acceptaient pas volontiers la colonisation, ce n&rsquo;est pas un hasard si c&rsquo;est pr\u00e9cis\u00e9ment cette r\u00e9gion qui a \u00e9t\u00e9 la derni\u00e8re \u00e0 \u00eatre contr\u00f4l\u00e9e par la puissance europ\u00e9enne. [&hellip;]<\/p>\n","protected":false},"author":1,"featured_media":0,"parent":0,"menu_order":0,"comment_status":"closed","ping_status":"closed","template":"elementor_header_footer","meta":{"footnotes":""},"class_list":["post-1655","page","type-page","status-publish","hentry"],"blocksy_meta":[],"_links":{"self":[{"href":"https:\/\/moroccodesertlines.com\/fr\/wp-json\/wp\/v2\/pages\/1655","targetHints":{"allow":["GET"]}}],"collection":[{"href":"https:\/\/moroccodesertlines.com\/fr\/wp-json\/wp\/v2\/pages"}],"about":[{"href":"https:\/\/moroccodesertlines.com\/fr\/wp-json\/wp\/v2\/types\/page"}],"author":[{"embeddable":true,"href":"https:\/\/moroccodesertlines.com\/fr\/wp-json\/wp\/v2\/users\/1"}],"replies":[{"embeddable":true,"href":"https:\/\/moroccodesertlines.com\/fr\/wp-json\/wp\/v2\/comments?post=1655"}],"version-history":[{"count":1,"href":"https:\/\/moroccodesertlines.com\/fr\/wp-json\/wp\/v2\/pages\/1655\/revisions"}],"predecessor-version":[{"id":1656,"href":"https:\/\/moroccodesertlines.com\/fr\/wp-json\/wp\/v2\/pages\/1655\/revisions\/1656"}],"wp:attachment":[{"href":"https:\/\/moroccodesertlines.com\/fr\/wp-json\/wp\/v2\/media?parent=1655"}],"curies":[{"name":"wp","href":"https:\/\/api.w.org\/{rel}","templated":true}]}}

<div data-elementor-type="wp-page" data-elementor-id="1655" class="elementor elementor-1655 elementor-492" data-elementor-post-type="page">
				<div class="elementor-element elementor-element-4d5f140 e-flex e-con-boxed e-con e-parent" data-id="4d5f140" data-element_type="container" data-e-type="container" data-settings="{&quot;background_background&quot;:&quot;classic&quot;}">
					<div class="e-con-inner">
				<div class="elementor-element elementor-element-f18924d elementor-widget elementor-widget-heading" data-id="f18924d" data-element_type="widget" data-e-type="widget" data-widget_type="heading.default">
				<div class="elementor-widget-container">
					<h1 class="elementor-heading-title elementor-size-default">Ville de Erfoud</h1>				</div>
				</div>
				<div class="elementor-element elementor-element-87ab090 elementor-widget elementor-widget-shortcode" data-id="87ab090" data-element_type="widget" data-e-type="widget" data-widget_type="shortcode.default">
				<div class="elementor-widget-container">
							<div class="elementor-shortcode"><nav aria-label="breadcrumbs" class="rank-math-breadcrumb"><p><span class="last">Home</span></p></nav></div>
						</div>
				</div>
					</div>
				</div>
		<div class="elementor-element elementor-element-5b6acd6 e-flex e-con-boxed e-con e-parent" data-id="5b6acd6" data-element_type="container" data-e-type="container">
					<div class="e-con-inner">
		<div class="elementor-element elementor-element-5b00241 e-con-full e-flex e-con e-child" data-id="5b00241" data-element_type="container" data-e-type="container">
				</div>
		<div class="elementor-element elementor-element-3a8b667 e-con-full e-flex e-con e-child" data-id="3a8b667" data-element_type="container" data-e-type="container">
				<div class="elementor-element elementor-element-5958df9 elementor-widget elementor-widget-text-editor" data-id="5958df9" data-element_type="widget" data-e-type="widget" data-widget_type="text-editor.default">
				<div class="elementor-widget-container">
									<p>Erfoud : Son histoire commence un peu avant 1930 avec la création par les Français d&rsquo;un poste militaire pour apaiser les tribus berbères indisciplinées qui n&rsquo;acceptaient pas volontiers la colonisation, ce n&rsquo;est pas un hasard si c&rsquo;est précisément cette région qui a été la dernière à être contrôlée par la puissance européenne.</p>
<p>C&rsquo;est donc une ville avec peu d&rsquo;histoire mais qui a su se doter de magnifiques infrastructures touristiques, hôtels, et restaurants, située à quelques kilomètres des célèbres dunes de Merzouga, également connue dans le monde entier pour avoir quelques carrières de fossiles, d&rsquo;animaux marins lorsque le territoire était sous les eaux de l&rsquo;océan, avec ces pierres s&rsquo;est développé un important artisanat industriel pour la production d&rsquo;innombrables objets, éviers, tables, porte-savons, lampes.</p>
<p>Par ailleurs, chaque année à Erfoud un festival des dattes a lieu au mois d&rsquo;octobre.</p>
								</div>
				</div>
				</div>
					</div>
				</div>
				</div>

<p>Ville de Erfoud Erfoud : Son histoire commence un peu avant 1930 avec la création par les Français d&rsquo;un poste militaire pour apaiser les tribus berbères indisciplinées qui n&rsquo;acceptaient pas volontiers la colonisation, ce n&rsquo;est pas un hasard si c&rsquo;est précisément cette région qui a été la dernière à être contrôlée par la puissance européenne. [&hellip;]</p>
